{"id":4893,"date":"2024-05-20T08:22:06","date_gmt":"2024-05-20T06:22:06","guid":{"rendered":"https:\/\/www.forkliftfox.sk\/produkt\/un-targonca-fl25t-njk1\/"},"modified":"2024-05-20T08:22:06","modified_gmt":"2024-05-20T06:22:06","slug":"un-targonca-fl25t-njk1","status":"publish","type":"product","link":"https:\/\/www.forkliftfox.sk\/hu\/produkt\/un-targonca-fl25t-njk1\/","title":{"rendered":"UN targonca FL25T-NJK1"},"content":{"rendered":"<p id=\"tw-target-text\" class=\"tw-data-text tw-text-large tw-ta\" dir=\"ltr\" data-placeholder=\"Ford\u00edt\u00e1s\" aria-label=\"Leford\u00edtott sz\u00f6veg: Az UN FL25T-NJK1 targonca egy modern \u00e9s hat\u00e9kony anyagmozgat\u00f3 eszk\u00f6z, amelyet 2023-ban gy\u00e1rtottak. LPG g\u00e1z\u00fczem\u0171 modell, amely kiv\u00e1l\u00f3 teljes\u00edtm\u00e9nyt biztos\u00edt a munkater\u00fcleten. 2500 kg-os teherb\u00edr\u00e1sa ide\u00e1lis k\u00f6zepesen neh\u00e9z \u00e1ruk mozgat\u00e1s\u00e1ra, m\u00edg a 3000 mm-es maxim\u00e1lis emel\u00e9si magass\u00e1g lehet\u0151v\u00e9 teszi a magasabb rakt\u00e1rhelyek k\u00f6nny\u0171 el\u00e9r\u00e9s\u00e9t. A targonca 4240 kg-os saj\u00e1t t\u00f6mege garant\u00e1lja a stabilit\u00e1st \u00e9s a megb\u00edzhat\u00f3s\u00e1got m\u0171k\u00f6d\u00e9se sor\u00e1n. Vadonat\u00faj \u00e1llapota \u00e9s hib\u00e1tlan motorja \u00e9s emel\u0151mechanizmusa biztos\u00edtja, hogy a g\u00e9p hossz\u00fa ideig kiv\u00e1l\u00f3an teljes\u00edt a t\u00e1rol\u00e1si \u00e9s kezel\u00e9si feladatokn\u00e1l, ahol a megb\u00edzhat\u00f3s\u00e1g \u00e9s a hat\u00e9konys\u00e1g a kulcs.\n\nForkliftFox: Anyagkezel\u00e9s a legmagasabb szinten.\" data-ved=\"2ahUKEwj1ge-rquGIAxW-QvEDHdFpKAoQ3ewLegQIFBAW\"><span class=\"Y2IQFc\" lang=\"hu\">Az UN FL25T-NJK1 targonca egy modern \u00e9s hat\u00e9kony anyagmozgat\u00f3 eszk\u00f6z, amelyet 2023-ban gy\u00e1rtottak. LPG g\u00e1z\u00fczem\u0171 modell, amely kiv\u00e1l\u00f3 teljes\u00edtm\u00e9nyt biztos\u00edt a munkater\u00fcleten. 2500 kg-os teherb\u00edr\u00e1sa ide\u00e1lis k\u00f6zepesen neh\u00e9z \u00e1ruk mozgat\u00e1s\u00e1ra, m\u00edg a 3000 mm-es maxim\u00e1lis emel\u00e9si magass\u00e1g lehet\u0151v\u00e9 teszi a magasabb rakt\u00e1rhelyek k\u00f6nny\u0171 el\u00e9r\u00e9s\u00e9t. A targonca 4240 kg-os saj\u00e1t t\u00f6mege garant\u00e1lja a stabilit\u00e1st \u00e9s a megb\u00edzhat\u00f3s\u00e1got m\u0171k\u00f6d\u00e9se sor\u00e1n. Vadonat\u00faj \u00e1llapota \u00e9s hib\u00e1tlan motorja \u00e9s emel\u0151mechanizmusa biztos\u00edtja, hogy a g\u00e9p hossz\u00fa ideig kiv\u00e1l\u00f3an teljes\u00edt a t\u00e1rol\u00e1si \u00e9s kezel\u00e9si feladatokn\u00e1l, ahol a megb\u00edzhat\u00f3s\u00e1g \u00e9s a hat\u00e9konys\u00e1g a kulcs. ForkliftFox: Anyagkezel\u00e9s a legmagasabb szinten.<\/span><\/p>\n","protected":false},"excerpt":{"rendered":"<p id=\"tw-target-text\" class=\"tw-data-text tw-text-large tw-ta\" dir=\"ltr\" data-placeholder=\"Ford\u00edt\u00e1s\" aria-label=\"Leford\u00edtott sz\u00f6veg: Az UN FL25T-NJK1 targonca 2500 kg teherb\u00edr\u00e1s\u00e1val \u00e9s 4240 kg saj\u00e1t t\u00f6meg\u00e9vel kiv\u00e1l\u00f3 teljes\u00edtm\u00e9nyt biztos\u00edt a munkater\u00fcleten. Emel\u00e9si magass\u00e1g 3000 mm, villahossz 1070 mm, PB g\u00e1zzal m\u0171k\u00f6d\u0151 modell, vadonat\u00faj \u00e1llapotban.\" data-ved=\"2ahUKEwj1ge-rquGIAxW-QvEDHdFpKAoQ3ewLegQIFBAW\"><span class=\"Y2IQFc\" lang=\"hu\">Az UN FL25T-NJK1 targonca 2500 kg teherb\u00edr\u00e1s\u00e1val \u00e9s 4240 kg saj\u00e1t t\u00f6meg\u00e9vel kiv\u00e1l\u00f3 teljes\u00edtm\u00e9nyt biztos\u00edt a munkater\u00fcleten. Emel\u00e9si magass\u00e1g 3000 mm, villahossz 1070 mm, PB g\u00e1zzal m\u0171k\u00f6d\u0151 modell, vadonat\u00faj \u00e1llapotban.<\/span><\/p>\n","protected":false},"featured_media":4894,"template":"","meta":{"_acf_changed":false,"inline_featured_image":false},"product_brand":[],"product_cat":[397],"product_tag":[],"class_list":{"0":"post-4893","1":"product","2":"type-product","3":"status-publish","4":"has-post-thumbnail","6":"product_cat-targoncak","8":"first","9":"instock","10":"sold-individually","11":"taxable","12":"shipping-taxable","13":"purchasable","14":"product-type-simple"},"acf":[],"_links":{"self":[{"href":"https:\/\/www.forkliftfox.sk\/hu\/wp-json\/wp\/v2\/product\/4893","targetHints":{"allow":["GET"]}}],"collection":[{"href":"https:\/\/www.forkliftfox.sk\/hu\/wp-json\/wp\/v2\/product"}],"about":[{"href":"https:\/\/www.forkliftfox.sk\/hu\/wp-json\/wp\/v2\/types\/product"}],"wp:featuredmedia":[{"embeddable":true,"href":"https:\/\/www.forkliftfox.sk\/hu\/wp-json\/wp\/v2\/media\/4894"}],"wp:attachment":[{"href":"https:\/\/www.forkliftfox.sk\/hu\/wp-json\/wp\/v2\/media?parent=4893"}],"wp:term":[{"taxonomy":"product_brand","embeddable":true,"href":"https:\/\/www.forkliftfox.sk\/hu\/wp-json\/wp\/v2\/product_brand?post=4893"},{"taxonomy":"product_cat","embeddable":true,"href":"https:\/\/www.forkliftfox.sk\/hu\/wp-json\/wp\/v2\/product_cat?post=4893"},{"taxonomy":"product_tag","embeddable":true,"href":"https:\/\/www.forkliftfox.sk\/hu\/wp-json\/wp\/v2\/product_tag?post=4893"}],"curies":[{"name":"wp","href":"https:\/\/api.w.org\/{rel}","templated":true}]}}

<p id="tw-target-text" class="tw-data-text tw-text-large tw-ta" dir="ltr" data-placeholder="Fordítás" aria-label="Lefordított szöveg: Az UN FL25T-NJK1 targonca egy modern és hatékony anyagmozgató eszköz, amelyet 2023-ban gyártottak. LPG gázüzemű modell, amely kiváló teljesítményt biztosít a munkaterületen. 2500 kg-os teherbírása ideális közepesen nehéz áruk mozgatására, míg a 3000 mm-es maximális emelési magasság lehetővé teszi a magasabb raktárhelyek könnyű elérését. A targonca 4240 kg-os saját tömege garantálja a stabilitást és a megbízhatóságot működése során. Vadonatúj állapota és hibátlan motorja és emelőmechanizmusa biztosítja, hogy a gép hosszú ideig kiválóan teljesít a tárolási és kezelési feladatoknál, ahol a megbízhatóság és a hatékonyság a kulcs.

ForkliftFox: Anyagkezelés a legmagasabb szinten." data-ved="2ahUKEwj1ge-rquGIAxW-QvEDHdFpKAoQ3ewLegQIFBAW"><span class="Y2IQFc" lang="hu">Az UN FL25T-NJK1 targonca egy modern és hatékony anyagmozgató eszköz, amelyet 2023-ban gyártottak. LPG gázüzemű modell, amely kiváló teljesítményt biztosít a munkaterületen. 2500 kg-os teherbírása ideális közepesen nehéz áruk mozgatására, míg a 3000 mm-es maximális emelési magasság lehetővé teszi a magasabb raktárhelyek könnyű elérését. A targonca 4240 kg-os saját tömege garantálja a stabilitást és a megbízhatóságot működése során. Vadonatúj állapota és hibátlan motorja és emelőmechanizmusa biztosítja, hogy a gép hosszú ideig kiválóan teljesít a tárolási és kezelési feladatoknál, ahol a megbízhatóság és a hatékonyság a kulcs. ForkliftFox: Anyagkezelés a legmagasabb szinten.</span></p>

<p id="tw-target-text" class="tw-data-text tw-text-large tw-ta" dir="ltr" data-placeholder="Fordítás" aria-label="Lefordított szöveg: Az UN FL25T-NJK1 targonca 2500 kg teherbírásával és 4240 kg saját tömegével kiváló teljesítményt biztosít a munkaterületen. Emelési magasság 3000 mm, villahossz 1070 mm, PB gázzal működő modell, vadonatúj állapotban." data-ved="2ahUKEwj1ge-rquGIAxW-QvEDHdFpKAoQ3ewLegQIFBAW"><span class="Y2IQFc" lang="hu">Az UN FL25T-NJK1 targonca 2500 kg teherbírásával és 4240 kg saját tömegével kiváló teljesítményt biztosít a munkaterületen. Emelési magasság 3000 mm, villahossz 1070 mm, PB gázzal működő modell, vadonatúj állapotban.</span></p>
